n base 8, what is 14 - -30540?
30554
In base 13, what is -14a992 - -5?
-14a98a
In base 9, what is 82 + -827?
-735
In base 14, what is -a87a - -10?
-a86a
In base 6, what is 2 + 11330020?
11330022
In base 3, what is -2122111211 + -10121?
-2122122102
In base 10, what is 4 - 9550?
-9546
In base 14, what is 10b6 - -13?
10c9
In base 12, what is 5 + 9876?
987b
In base 15, what is -21db97 - 5?
-21db9c
In base 16, what is -4 - 9b27?
-9b2b
In base 7, what is 24664 - 463?
24201
In base 7, what is -100 + 11224?
11124
In base 6, what is 1 - 144252?
-144251
In base 14, what is -a5ab3 + 5?
-a5aac
In base 6, what is 34 + -3552?
-3514
In base 4, what is 1330312 + 23?
1331001
In base 7, what is 3 - -422000?
422003
In base 4, what is 1332 - -223123?
231121
In base 7, what is -2016 - -10?
-2006
In base 14, what is 1738 - -4a?
1784
In base 8, what is -1317 + -5?
-1324
In base 15, what is -25 - -8c?
67
In base 14, what is 1a - 13a51?
-13a35
In base 10, what is 2413 + 133?
2546
In base 14, what is 3 + -c48b6?
-c48b3
In base 12, what is 245 - -53?
298
In base 14, what is 5113 - -144?
5257
In base 4, what is -2020123 + 1222?
-2012301
In base 2, what is 100101001111 - -110001?
100110000000
In base 6, what is 2455 + 15441?
22340
In base 12, what is -39 + -b45?
-b82
In base 8, what is -3300 + 22?
-3256
In base 10, what is 4 - 111231?
-111227
In base 4, what is -1 + 332033023?
332033022
In base 11, what is 1 + 26a45?
26a46
In base 16, what is c50 + -1e?
c32
In base 14, what is -1 + -2c228?
-2c229
In base 14, what is -848 + -45?
-88d
In base 4, what is 11203 + 2022?
13231
In base 2, what is 11010101 + -11001111110?
-10110101001
In base 13, what is -419 + -3?
-41c
In base 4, what is -12301121 + -1?
-12301122
In base 6, what is -144 - 453?
-1041
In base 15, what is -1985 + 20?
-1965
In base 4, what is 31320220 - -321?
31321201
In base 7, what is 5 + 102241?
102246
In base 16, what is -139 - 78?
-1b1
In base 14, what is -14 + 20c02?
20bcc
In base 6, what is 2303 - -2423?
5130
In base 15, what is 29ee2 + -24?
29ebd
In base 8, what is -22053 + 2?
-22051
In base 2, what is -11001001111110010111 + 1?
-11001001111110010110
In base 5, what is 4110233 - 122?
4110111
In base 7, what is -5 + 1131664?
1131656
In base 15, what is -25086 - -5?
-25081
In base 5, what is -344 + 4?
-340
In base 2, what is 1 + -11011110000100011?
-11011110000100010
In base 14, what is 17b - -75b?
8d8
In base 2, what is -101110 - 1001111111?
-1010101101
In base 12, what is 128 + 507?
633
In base 6, what is -151 + 303?
112
In base 10, what is -69281 - 2?
-69283
In base 5, what is -313 - -103?
-210
In base 5, what is -44 + 1314?
1220
In base 11, what is -1 + 5163?
5162
In base 13, what is -2 - c8886?
-c8888
In base 8, what is -37344 + 2?
-37342
In base 7, what is 252143 + 5?
252151
In base 6, what is 444505 - 13?
444452
In base 12, what is 49 - b1?
-64
In base 4, what is -1110013033 + -11?
-1110013110
In base 12, what is -33 + -6927?
-695a
In base 16, what is -10a0 + b?
-1095
In base 8, what is -1461 - -1377?
-62
In base 3, what is 20 + -10010222?
-10010202
In base 10, what is 1478951 + -1?
1478950
In base 4, what is 22 - -202?
230
In base 9, what is 26 + -43543?
-43516
In base 9, what is 5 - 27282?
-27276
In base 14, what is 1 - 38148?
-38147
In base 14, what is 115 + -15b8?
-14a3
In base 8, what is -3 - -13154?
13151
In base 2, what is -110001000 + -111111?
-111000111
In base 11, what is 40a6 + 3?
40a9
In base 10, what is -27560 + 10?
-27550
In base 8, what is -22775 + -11?
-23006
In base 3, what is -12 + 2021222111?
2021222022
In base 4, what is -3031213203 - 3?
-3031213212
In base 7, what is -216 - 11536?
-12055
In base 3, what is -1 - 20012110?
-20012111
In base 3, what is 2102110 - -1002210?
10112020
In base 9, what is -5767543 - 0?
-5767543
In base 12, what is -5995 + -58?
-5a31
In base 3, what is 2002120 + 11122?
2021012
In base 6, what is 5012 + -4102?
510
In base 14, what is 0 + -8d2c8?
-8d2c8
In base 7, what is -2410 - 6?
-2416
In base 5, what is -30131 + -220?
-30401
In base 3, what is -222101001 - -112?
-222100112
In base 4, what is -30223320 + 0?
-30223320
In base 5, what is 1221142 - -1?
1221143
In base 15, what is -126 - 11?
-137
In base 6, what is 4 + 1500245?
1500253
In base 3, what is -1222120 - 10021?
-2002211
In base 12, what is 24b91 - 3?
24b8a
In base 15, what is -2b4a4 + 3?
-2b4a1
In base 10, what is -3 - 120349?
-120352
In base 9, what is -734826 + -2?
-734828
In base 7, what is 2 - -551536?
551541
In base 8, what is 4 + 40571?
40575
In base 12, what is -21 + 18167?
18146
In base 14, what is -1 + 38b2d?
38b2c
In base 8, what is 12270 - -174?
12464
In base 14, what is -342665 - 0?
-342665
In base 7, what is 2310152 - -22?
2310204
In base 7, what is 22 - -4462?
4514
In base 8, what is -2 + 42337?
42335
In base 14, what is -68 - -4b?
-1b
In base 2, what is -1100111010100101101 + 1?
-1100111010100101100
In base 10, what is 300388 - 21?
300367
In base 4, what is -12 - 11322?
-12000
In base 2, what is 101001100000010 - 10010001?
101001001110001
In base 6, what is 0 + 210505?
210505
In base 8, what is -1 + 72647?
72646
In base 14, what is -21 - 9b9?
-9da
In base 13, what is 17 + -14ba7?
-14b90
In base 9, what is 14317 + -4?
14313
In base 16, what is bcee9 - 1?
bcee8
In base 11, what is 201 - 127?
85
In base 12, what is 115 + 950?
a65
In base 15, what is -5a0 + -71c?
-cbc
In base 14, what is 23cd + -34?
2399
In base 6, what is -35142 + -5?
-35151
In base 4, what is -21222 + -2101?
-23323
In base 14, what is 378 - -97?
431
In base 11, what is 7229 - 6a?
716a
In base 10, what is -876 - -43?
-833
In base 5, what is -10 + -1333041?
-1333101
In base 15, what is 4 - 361d6?
-361d2
In base 3, what is 10222 + -1002021?
-221022
In base 5, what is -2111123 + -34?
-2111212
In base 7, what is -5024 + 1011?
-4013
In base 8, what is -61707 + -1?
-61710
In base 2, what is 10000101 - 1001110100110?
-1001100100001
In base 4, what is -23 - 1211223?
-1211312
In base 10, what is 153 - -866?
1019
In base 6, what is 254 + -153315?
-153021
In base 14, what is -114 + 940d?
92d9
In base 8, what is -13616 - 135?
-13753
In base 13, what is 2ab - 806?
-528
In base 14, what is 165 - 36?
12d
In base 5, what is 0 - 340304103?
-340304103
In base 14, what is 4 + -517?
-513
In base 13, what is -62c8 - -2?
-62c6
In base 11, what is -6 + -2123a?
-21245
In base 14, what is 135 - 1c?
117
In base 5, what is 3312 - 1400?
1412
In base 5, what is 120 - -124144?
124314
In base 6, what is 153 + 251?
444
In base 15, what is 17a + 29ee?
2b79
In base 2, what is -1101000100 - 11110111?
-10000111011
In base 9, what is 616183 + 2?
616185
In base 14, what is 16d - 57?
116
In base 15, what is -20a18b - 1?
-20a18c
In base 7, what is -25160 + -51?
-25241
In base 8, what is 36 - -16767?
17025
In base 2, what is -10111 - -11011111010?
11011100011
In base 4, what is 11023301 - -3?
11023310
In base 6, what is -152 + -100033?
-100225
In base 11, what is -15663 + 18?
-15646
In base 11, what is 14a79 - -4?
14a82
In base 2, what is -1010001000001 - 1001101110?
-1011010101111
In base 2, what is 10001101111000001110 - -11?
10001101111000010001
In base 16, what is -4 + -998?
-99c
In base 8, what is 1123510 + -3?
1123505
In base 10, what is 9902 + 227?
10129
In base 6, what is 510100 + -214?
505442
In base 5, what is -323300 - 3?
-323303
In base 3, what is -101120211201 - 2?
-101120211210
In base 10, what is -5 - 19352?
-19357
In base 11, what is 2 - -42588?
4258a
In base 11, what is -4 + -3210?
-3214
In base 10, what is 5939 - 2?
5937
In base 13, what is -168c2a - -7?
-168c23
In base 6, what is -1200 - 302?
-1502
In base 2, what is 101 + 101010000100?
101010001001
In base 12, what is 130 - 5255?
-5125
In base 4, what is -1010 - 101312?
-102322
In base 9, what is -343 + 568?
225
In base 15, what is -3 + -5d25?
-5d28
In base 4, what is 13 - -12000?
12013
In base 11, what is -9721 + -334?
-9a55
In base 4, what is 23131023 + -20?
23131003
In base 14, what is 43 - -52?
95
In base 11, what is -321 - -5600?
528a
In base 8, what is 150770 - 14?
150754
In base 12, what is 0 + 8a7?
8a7
In base 2, what is 10000 - -1101001001111101?
1101001010001101
In base 12, what is -110a7 + -8a?
-11175
In base 7, what is 633 + 464?
1430
In base 12, what is -3897a - 4?
-38982
In 